{"id":530,"date":"2026-01-21T14:23:35","date_gmt":"2026-01-21T13:23:35","guid":{"rendered":"https:\/\/kcn-tech.de\/home\/?page_id=530"},"modified":"2026-01-21T14:23:35","modified_gmt":"2026-01-21T13:23:35","slug":"karriere","status":"publish","type":"page","link":"https:\/\/kcn-tech.de\/home\/karriere\/","title":{"rendered":"Karriere"},"content":{"rendered":"\n<div class=\"wp-block-uagb-image uagb-block-7f3b16da wp-block-uagb-image--layout-default wp-block-uagb-image--effect-static wp-block-uagb-image--align-none\"><figure class=\"wp-block-uagb-image__figure\"><img decoding=\"async\" srcset=\"https:\/\/kcn-tech.de\/wp-content\/uploads\/2025\/06\/cropped-logodoku-r-1024x285.jpg ,https:\/\/kcn-tech.de\/wp-content\/uploads\/2025\/06\/cropped-logodoku-r.jpg 780w, https:\/\/kcn-tech.de\/wp-content\/uploads\/2025\/06\/cropped-logodoku-r.jpg 360w\" sizes=\"auto, (max-width: 480px) 150px\" src=\"https:\/\/kcn-tech.de\/wp-content\/uploads\/2025\/06\/cropped-logodoku-r-1024x285.jpg\" alt=\"logodoku-r\" class=\"uag-image-360\" width=\"708\" height=\"197\" title=\"cropped-logodoku-r.jpg\" loading=\"lazy\" role=\"img\"\/><\/figure><\/div>\n\n\n\n<p><\/p>\n\n\n\n<div class=\"wp-block-uagb-container uagb-block-f7881f90 alignfull uagb-is-root-container\"><div class=\"uagb-container-inner-blocks-wrap\">\n<div class=\"wp-block-uagb-container uagb-block-9c57be84\">\n<div class=\"wp-block-uagb-image uagb-block-f7068b0b wp-block-uagb-image--layout-default wp-block-uagb-image--effect-static wp-block-uagb-image--align-none\"><figure class=\"wp-block-uagb-image__figure\"><img decoding=\"async\" srcset=\"https:\/\/kcn-tech.de\/wp-content\/uploads\/2026\/01\/ga0d70c64b04f8cdafdc611107278e5670c580fac3b3cc31d9a502d5939e0f66e337f593fbb8b7ef5f4e86c7bc46137fc_640-6133971.jpg ,https:\/\/kcn-tech.de\/wp-content\/uploads\/2026\/01\/ga0d70c64b04f8cdafdc611107278e5670c580fac3b3cc31d9a502d5939e0f66e337f593fbb8b7ef5f4e86c7bc46137fc_640-6133971.jpg 780w, https:\/\/kcn-tech.de\/wp-content\/uploads\/2026\/01\/ga0d70c64b04f8cdafdc611107278e5670c580fac3b3cc31d9a502d5939e0f66e337f593fbb8b7ef5f4e86c7bc46137fc_640-6133971.jpg 360w\" sizes=\"auto, (max-width: 480px) 150px\" src=\"https:\/\/kcn-tech.de\/wp-content\/uploads\/2026\/01\/ga0d70c64b04f8cdafdc611107278e5670c580fac3b3cc31d9a502d5939e0f66e337f593fbb8b7ef5f4e86c7bc46137fc_640-6133971.jpg\" alt=\"stairs, building, businessmen, climbing up, business, career, success, progress, career ladder, development, company, elegant, high rise building, skyscraper, architecture, business, business, business, business, career, career, career, career, success, success, success, success, success, development, company, company, company, company\" class=\"uag-image-531\" width=\"506\" height=\"338\" title=\"ga0d70c64b04f8cdafdc611107278e5670c580fac3b3cc31d9a502d5939e0f66e337f593fbb8b7ef5f4e86c7bc46137fc_640-6133971\" loading=\"lazy\" role=\"img\"\/><\/figure><\/div>\n<\/div>\n\n\n\n<p style=\"text-align: right;\">Derzeit haben wir leider keine Stellen zu besetzen. Dennoch freuen wir uns \u00fcber Ihr Interesse an unserem Unternehmen.\u00a0<\/p>\n<\/div><\/div>\n\n\n\n<p><\/p>\n\n\n\n<p><\/p>\n\n\n\n<p><\/p>\n\n\n\n<p><\/p>\n\n\n\n<p><\/p>\n\n\n\n<p><\/p>\n\n\n\n<div class=\"wp-block-uagb-container uagb-block-353480fd alignfull uagb-is-root-container\"><div class=\"uagb-container-inner-blocks-wrap\">\n<div class=\"wp-block-uagb-info-box uagb-block-289af9f9 uagb-infobox__content-wrap  uagb-infobox-icon-above-title uagb-infobox-image-valign-top\"><div class=\"uagb-ifb-content\"><div class=\"uagb-ifb-title-wrap\"><h2 class=\"uagb-ifb-title\">Kontaktieren Sie uns noch heute!<\/h2><\/div><p class=\"uagb-ifb-desc\">Wir beraten Sie gerne und finden die optimale L\u00f6sung f\u00fcr Ihre individuellen Anforderungen.  Vereinbaren Sie jetzt ein unverbindliches Beratungsgespr\u00e4ch!<\/p><div class=\"uagb-ifb-button-wrapper wp-block-button\"><a href=\"\/contact\/\" class=\"uagb-infobox-cta-link wp-block-button__link\" target=\"_self\" rel=\"noopener noreferrer\" onclick=\"return true;\"><span class=\"uagb-inline-editing\">Mehr erfahren<\/span><\/a><\/div><\/div><\/div>\n<\/div><\/div>\n","protected":false},"excerpt":{"rendered":"<p>Derzeit haben wir leider keine Stellen zu besetzen. Dennoch freuen wir uns \u00fcber Ihr Interesse an unserem Unternehmen.\u00a0<\/p>\n","protected":false},"author":4,"featured_media":0,"parent":0,"menu_order":0,"comment_status":"closed","ping_status":"closed","template":"","meta":{"_uag_custom_page_level_css":"","site-sidebar-layout":"default","site-content-layout":"","ast-site-content-layout":"default","site-content-style":"default","site-sidebar-style":"default","ast-global-header-display":"","ast-banner-title-visibility":"","ast-main-header-display":"","ast-hfb-above-header-display":"","ast-hfb-below-header-display":"","ast-hfb-mobile-header-display":"","site-post-title":"","ast-breadcrumbs-content":"","ast-featured-img":"","footer-sml-layout":"","ast-disable-related-posts":"","theme-transparent-header-meta":"","adv-header-id-meta":"","stick-header-meta":"","header-above-stick-meta":"","header-main-stick-meta":"","header-below-stick-meta":"","astra-migrate-meta-layouts":"default","ast-page-background-enabled":"default","ast-page-background-meta":{"desktop":{"background-color":"var(--ast-global-color-4)","background-image":"","background-repeat":"repeat","background-position":"center center","background-size":"auto","background-attachment":"scroll","background-type":"","background-media":"","overlay-type":"","overlay-color":"","overlay-opacity":"","overlay-gradient":""},"tablet":{"background-color":"","background-image":"","background-repeat":"repeat","background-position":"center center","background-size":"auto","background-attachment":"scroll","background-type":"","background-media":"","overlay-type":"","overlay-color":"","overlay-opacity":"","overlay-gradient":""},"mobile":{"background-color":"","background-image":"","background-repeat":"repeat","background-position":"center center","background-size":"auto","background-attachment":"scroll","background-type":"","background-media":"","overlay-type":"","overlay-color":"","overlay-opacity":"","overlay-gradient":""}},"ast-content-background-meta":{"desktop":{"background-color":"var(--ast-global-color-5)","background-image":"","background-repeat":"repeat","background-position":"center center","background-size":"auto","background-attachment":"scroll","background-type":"","background-media":"","overlay-type":"","overlay-color":"","overlay-opacity":"","overlay-gradient":""},"tablet":{"background-color":"var(--ast-global-color-5)","background-image":"","background-repeat":"repeat","background-position":"center center","background-size":"auto","background-attachment":"scroll","background-type":"","background-media":"","overlay-type":"","overlay-color":"","overlay-opacity":"","overlay-gradient":""},"mobile":{"background-color":"var(--ast-global-color-5)","background-image":"","background-repeat":"repeat","background-position":"center center","background-size":"auto","background-attachment":"scroll","background-type":"","background-media":"","overlay-type":"","overlay-color":"","overlay-opacity":"","overlay-gradient":""}},"footnotes":""},"class_list":["post-530","page","type-page","status-publish","hentry"],"uagb_featured_image_src":{"full":false,"thumbnail":false,"medium":false,"medium_large":false,"large":false,"1536x1536":false,"2048x2048":false},"uagb_author_info":{"display_name":"wc0utvg2ygpc","author_link":"https:\/\/kcn-tech.de\/home\/author\/wc0utvg2ygpc\/"},"uagb_comment_info":0,"uagb_excerpt":"Derzeit haben wir leider keine Stellen zu besetzen. Dennoch freuen wir uns \u00fcber Ihr Interesse an unserem Unternehmen.\u00a0","_links":{"self":[{"href":"https:\/\/kcn-tech.de\/home\/wp-json\/wp\/v2\/pages\/530","targetHints":{"allow":["GET"]}}],"collection":[{"href":"https:\/\/kcn-tech.de\/home\/wp-json\/wp\/v2\/pages"}],"about":[{"href":"https:\/\/kcn-tech.de\/home\/wp-json\/wp\/v2\/types\/page"}],"author":[{"embeddable":true,"href":"https:\/\/kcn-tech.de\/home\/wp-json\/wp\/v2\/users\/4"}],"replies":[{"embeddable":true,"href":"https:\/\/kcn-tech.de\/home\/wp-json\/wp\/v2\/comments?post=530"}],"version-history":[{"count":1,"href":"https:\/\/kcn-tech.de\/home\/wp-json\/wp\/v2\/pages\/530\/revisions"}],"predecessor-version":[{"id":532,"href":"https:\/\/kcn-tech.de\/home\/wp-json\/wp\/v2\/pages\/530\/revisions\/532"}],"wp:attachment":[{"href":"https:\/\/kcn-tech.de\/home\/wp-json\/wp\/v2\/media?parent=530"}],"curies":[{"name":"wp","href":"https:\/\/api.w.org\/{rel}","templated":true}]}}