{"id":523,"date":"2026-01-21T14:11:32","date_gmt":"2026-01-21T13:11:32","guid":{"rendered":"https:\/\/kcn-tech.de\/home\/?page_id=523"},"modified":"2026-01-21T14:11:32","modified_gmt":"2026-01-21T13:11:32","slug":"referenzen","status":"publish","type":"page","link":"https:\/\/kcn-tech.de\/home\/referenzen\/","title":{"rendered":"Referenzen"},"content":{"rendered":"\n<div class=\"wp-block-uagb-container uagb-block-58c90824 alignfull uagb-is-root-container\"><div class=\"uagb-container-inner-blocks-wrap\">\n<div class=\"wp-block-uagb-image uagb-block-54a05bdd wp-block-uagb-image--layout-default wp-block-uagb-image--effect-static wp-block-uagb-image--align-none\"><figure class=\"wp-block-uagb-image__figure\"><img decoding=\"async\" srcset=\"https:\/\/kcn-tech.de\/wp-content\/uploads\/2025\/06\/cropped-logodoku-r-1024x285.jpg ,https:\/\/kcn-tech.de\/wp-content\/uploads\/2025\/06\/cropped-logodoku-r.jpg 780w, https:\/\/kcn-tech.de\/wp-content\/uploads\/2025\/06\/cropped-logodoku-r.jpg 360w\" sizes=\"auto, (max-width: 480px) 150px\" src=\"https:\/\/kcn-tech.de\/wp-content\/uploads\/2025\/06\/cropped-logodoku-r-1024x285.jpg\" alt=\"logodoku-r\" class=\"uag-image-360\" width=\"629\" height=\"175\" title=\"cropped-logodoku-r.jpg\" loading=\"lazy\" role=\"img\"\/><\/figure><\/div>\n<\/div><\/div>\n\n\n\n<div class=\"wp-block-uagb-container uagb-block-5a87e400 alignfull uagb-is-root-container\"><div class=\"uagb-container-inner-blocks-wrap\">\n<p style=\"text-align: center;\"><span style=\"color: #000000;\"><strong>Auszug weltweiter Referenzen<\/strong><\/span><br \/><span style=\"color: #000000;\"><br \/>BASF<\/span><br \/><span style=\"color: #000000;\">BAYER<\/span><br \/><span style=\"color: #000000;\">Evonik\u00a0<\/span><br \/><span style=\"color: #000000;\">Perimeter Solutions\u00a0<\/span><br \/><span style=\"color: #000000;\">Clariant<\/span><br \/><span style=\"color: #000000;\">Novartis<\/span><br \/><span style=\"color: #000000;\">Sandoz<\/span><br \/><span style=\"color: #000000;\">Salutas Pharma<\/span><br \/><span style=\"color: #000000;\">Siegfried Pharma<\/span><br \/><span style=\"color: #000000;\">Lyondell Basell<\/span><br \/><span style=\"color: #000000;\">Bilfinger Industrial<\/span><br \/><span style=\"color: #000000;\">INEOS<\/span><br \/><span style=\"color: #000000;\">Lanxess<\/span><br \/><span style=\"color: #000000;\">Saltigo<\/span><br \/><span style=\"color: #000000;\">Planet A Foods<\/span><br \/><span style=\"color: #000000;\">Solvay<\/span><br \/><span style=\"color: #000000;\">3M<\/span><br \/><span style=\"color: #000000;\">Solventum<\/span><br \/><span style=\"color: #000000;\">Thermofisher Scientific<br \/>Shin-Etsu Chemical<\/span><br \/><br \/><\/p>\n\n\n\n<div class=\"wp-block-uagb-container uagb-block-803d2dc4\">\n<div class=\"wp-block-uagb-container uagb-block-ea68ee9d\">\n<div class=\"wp-block-uagb-container uagb-block-14655910\">\n<div class=\"wp-block-uagb-image uagb-block-37273108 wp-block-uagb-image--layout-default wp-block-uagb-image--effect-static wp-block-uagb-image--align-none\"><figure class=\"wp-block-uagb-image__figure\"><img decoding=\"async\" srcset=\"https:\/\/kcn-tech.de\/wp-content\/uploads\/2026\/01\/IMG_6373-735x1024.jpg ,https:\/\/kcn-tech.de\/wp-content\/uploads\/2026\/01\/IMG_6373-scaled.jpg 780w, https:\/\/kcn-tech.de\/wp-content\/uploads\/2026\/01\/IMG_6373-scaled.jpg 360w\" sizes=\"auto, (max-width: 480px) 150px\" src=\"https:\/\/kcn-tech.de\/wp-content\/uploads\/2026\/01\/IMG_6373-735x1024.jpg\" alt=\"\" class=\"uag-image-527\" width=\"2171\" height=\"3024\" title=\"IMG_6373\" loading=\"lazy\" role=\"img\"\/><\/figure><\/div>\n<\/div>\n<\/div>\n<\/div>\n<\/div><\/div>\n\n\n\n<p><\/p>\n\n\n\n<div class=\"wp-block-uagb-container uagb-block-353480fd alignfull uagb-is-root-container\"><div class=\"uagb-container-inner-blocks-wrap\">\n<div class=\"wp-block-uagb-info-box uagb-block-289af9f9 uagb-infobox__content-wrap  uagb-infobox-icon-above-title uagb-infobox-image-valign-top\"><div class=\"uagb-ifb-content\"><div class=\"uagb-ifb-title-wrap\"><h2 class=\"uagb-ifb-title\">Kontaktieren Sie uns noch heute!<\/h2><\/div><p class=\"uagb-ifb-desc\">Wir beraten Sie gerne und finden die optimale L\u00f6sung f\u00fcr Ihre individuellen Anforderungen.  Vereinbaren Sie jetzt ein unverbindliches Beratungsgespr\u00e4ch!<\/p><div class=\"uagb-ifb-button-wrapper wp-block-button\"><a href=\"\/contact\/\" class=\"uagb-infobox-cta-link wp-block-button__link\" target=\"_self\" rel=\"noopener noreferrer\" onclick=\"return true;\"><span class=\"uagb-inline-editing\">Mehr erfahren<\/span><\/a><\/div><\/div><\/div>\n<\/div><\/div>\n","protected":false},"excerpt":{"rendered":"<p>Auszug weltweiter ReferenzenBASFBAYEREvonik\u00a0Perimeter Solutions\u00a0ClariantNovartisSandozSalutas PharmaSiegfried PharmaLyondell BasellBilfinger IndustrialINEOSLanxessSaltigoPlanet A FoodsSolvay3MSolventumThermofisher ScientificShin-Etsu Chemical<\/p>\n","protected":false},"author":4,"featured_media":0,"parent":0,"menu_order":0,"comment_status":"closed","ping_status":"closed","template":"","meta":{"_uag_custom_page_level_css":"","site-sidebar-layout":"default","site-content-layout":"","ast-site-content-layout":"normal-width-container","site-content-style":"default","site-sidebar-style":"default","ast-global-header-display":"","ast-banner-title-visibility":"","ast-main-header-display":"","ast-hfb-above-header-display":"","ast-hfb-below-header-display":"","ast-hfb-mobile-header-display":"","site-post-title":"disabled","ast-breadcrumbs-content":"","ast-featured-img":"","footer-sml-layout":"","ast-disable-related-posts":"","theme-transparent-header-meta":"","adv-header-id-meta":"","stick-header-meta":"","header-above-stick-meta":"","header-main-stick-meta":"","header-below-stick-meta":"","astra-migrate-meta-layouts":"default","ast-page-background-enabled":"default","ast-page-background-meta":{"desktop":{"background-color":"var(--ast-global-color-4)","background-image":"","background-repeat":"repeat","background-position":"center center","background-size":"auto","background-attachment":"scroll","background-type":"","background-media":"","overlay-type":"","overlay-color":"","overlay-opacity":"","overlay-gradient":""},"tablet":{"background-color":"","background-image":"","background-repeat":"repeat","background-position":"center center","background-size":"auto","background-attachment":"scroll","background-type":"","background-media":"","overlay-type":"","overlay-color":"","overlay-opacity":"","overlay-gradient":""},"mobile":{"background-color":"","background-image":"","background-repeat":"repeat","background-position":"center center","background-size":"auto","background-attachment":"scroll","background-type":"","background-media":"","overlay-type":"","overlay-color":"","overlay-opacity":"","overlay-gradient":""}},"ast-content-background-meta":{"desktop":{"background-color":"var(--ast-global-color-5)","background-image":"","background-repeat":"repeat","background-position":"center center","background-size":"auto","background-attachment":"scroll","background-type":"","background-media":"","overlay-type":"","overlay-color":"","overlay-opacity":"","overlay-gradient":""},"tablet":{"background-color":"var(--ast-global-color-5)","background-image":"","background-repeat":"repeat","background-position":"center center","background-size":"auto","background-attachment":"scroll","background-type":"","background-media":"","overlay-type":"","overlay-color":"","overlay-opacity":"","overlay-gradient":""},"mobile":{"background-color":"var(--ast-global-color-5)","background-image":"","background-repeat":"repeat","background-position":"center center","background-size":"auto","background-attachment":"scroll","background-type":"","background-media":"","overlay-type":"","overlay-color":"","overlay-opacity":"","overlay-gradient":""}},"footnotes":""},"class_list":["post-523","page","type-page","status-publish","hentry"],"uagb_featured_image_src":{"full":false,"thumbnail":false,"medium":false,"medium_large":false,"large":false,"1536x1536":false,"2048x2048":false},"uagb_author_info":{"display_name":"wc0utvg2ygpc","author_link":"https:\/\/kcn-tech.de\/home\/author\/wc0utvg2ygpc\/"},"uagb_comment_info":0,"uagb_excerpt":"Auszug weltweiter ReferenzenBASFBAYEREvonik\u00a0Perimeter Solutions\u00a0ClariantNovartisSandozSalutas PharmaSiegfried PharmaLyondell BasellBilfinger IndustrialINEOSLanxessSaltigoPlanet A FoodsSolvay3MSolventumThermofisher ScientificShin-Etsu Chemical","_links":{"self":[{"href":"https:\/\/kcn-tech.de\/home\/wp-json\/wp\/v2\/pages\/523","targetHints":{"allow":["GET"]}}],"collection":[{"href":"https:\/\/kcn-tech.de\/home\/wp-json\/wp\/v2\/pages"}],"about":[{"href":"https:\/\/kcn-tech.de\/home\/wp-json\/wp\/v2\/types\/page"}],"author":[{"embeddable":true,"href":"https:\/\/kcn-tech.de\/home\/wp-json\/wp\/v2\/users\/4"}],"replies":[{"embeddable":true,"href":"https:\/\/kcn-tech.de\/home\/wp-json\/wp\/v2\/comments?post=523"}],"version-history":[{"count":2,"href":"https:\/\/kcn-tech.de\/home\/wp-json\/wp\/v2\/pages\/523\/revisions"}],"predecessor-version":[{"id":528,"href":"https:\/\/kcn-tech.de\/home\/wp-json\/wp\/v2\/pages\/523\/revisions\/528"}],"wp:attachment":[{"href":"https:\/\/kcn-tech.de\/home\/wp-json\/wp\/v2\/media?parent=523"}],"curies":[{"name":"wp","href":"https:\/\/api.w.org\/{rel}","templated":true}]}}