{"id":17,"date":"2025-06-12T07:59:34","date_gmt":"2025-06-12T07:59:34","guid":{"rendered":"https:\/\/winddancer-wind-58uz.zipwp.site\/?page_id=17"},"modified":"2026-02-11T14:44:55","modified_gmt":"2026-02-11T13:44:55","slug":"portfolio","status":"publish","type":"page","link":"https:\/\/kcn-tech.de\/home\/portfolio\/","title":{"rendered":"Portfolio"},"content":{"rendered":"\n<div class=\"wp-block-uagb-container uagb-block-e5972208 alignfull uagb-is-root-container\"><div class=\"uagb-container-inner-blocks-wrap\">\n<div class=\"wp-block-uagb-advanced-heading uagb-block-b371cc12\"><p class=\"uagb-desc-text\">Innovative L\u00f6sungen<\/p><h1 class=\"uagb-heading-text\">Massgeschneiderte Prozessl\u00f6sungen f\u00fcr Ihre Anwendung<\/h1><\/div>\n<\/div><\/div>\n\n\n\n<div class=\"wp-block-uagb-container uagb-block-edca4a69 alignfull uagb-is-root-container\"><div class=\"uagb-container-inner-blocks-wrap\">\n<div class=\"wp-block-uagb-container uagb-layout-grid uagb-block-53eeea40\">\n<div class=\"wp-block-uagb-container uagb-block-66ce8d2d\">\n<div class=\"wp-block-uagb-info-box uagb-block-68e6db93 uagb-infobox__content-wrap  uagb-infobox-icon-above-title uagb-infobox-image-valign-top\"><div class=\"uagb-ifb-content\"><div class=\"uagb-ifb-title-wrap\"><span class=\"uagb-ifb-title-prefix\">01.<\/span><h2 class=\"uagb-ifb-title\">Ultraschall-Austrag<\/h2><\/div><p class=\"uagb-ifb-desc\">Unsere Ultraschall-Austragssysteme sorgen f\u00fcr ein vollst\u00e4ndiges und schonendes Entleeren von Silos und Beh\u00e4ltern mit Pulvern und Sch\u00fcttg\u00fctern in der Chemie-, Pharma- und Lebensmittelindustrie. Anbackungen und Anhaftungen werden vermieden <br>Besonders f\u00fcr Ex-Bereiche bieten wir Massgeschneiderte L\u00f6sungen f\u00fcr optimale Prozesseffizienz. <\/p><\/div><\/div>\n<\/div>\n\n\n\n<figure class=\"wp-block-image size-custom is-resized\"><img decoding=\"async\" src=\"https:\/\/kcn-tech.de\/wp-content\/uploads\/2025\/06\/generator2-1024x838.png\" alt=\"\" style=\"width:635px;height:auto\"\/><\/figure>\n<\/div>\n\n\n\n<div class=\"wp-block-uagb-container uagb-layout-grid uagb-block-b255260d\">\n<div class=\"wp-block-uagb-image uagb-block-b86a27d4 wp-block-uagb-image--layout-default wp-block-uagb-image--effect-static wp-block-uagb-image--align-none\"><figure class=\"wp-block-uagb-image__figure\"><img decoding=\"async\" srcset=\"https:\/\/kcn-tech.de\/wp-content\/uploads\/2025\/06\/Screenshot-2025-03-28-120909-1024x795.png ,https:\/\/kcn-tech.de\/wp-content\/uploads\/2025\/06\/Screenshot-2025-03-28-120909.png 780w, https:\/\/kcn-tech.de\/wp-content\/uploads\/2025\/06\/Screenshot-2025-03-28-120909.png 360w\" sizes=\"auto, (max-width: 480px) 150px\" src=\"https:\/\/kcn-tech.de\/wp-content\/uploads\/2025\/06\/Screenshot-2025-03-28-120909-1024x795.png\" alt=\"\" class=\"uag-image-336\" width=\"600\" height=\"400\" title=\"Screenshot 2025-03-28 120909\" loading=\"lazy\" role=\"img\"\/><\/figure><\/div>\n\n\n\n<div class=\"wp-block-uagb-container uagb-block-06f958a5\">\n<div class=\"wp-block-uagb-info-box uagb-block-eda0d834 uagb-infobox__content-wrap  uagb-infobox-icon-above-title uagb-infobox-image-valign-top\"><div class=\"uagb-ifb-content\"><div class=\"uagb-ifb-title-wrap\"><span class=\"uagb-ifb-title-prefix\">02.<\/span><h2 class=\"uagb-ifb-title\">Verfahrenstechnik<\/h2><\/div><p class=\"uagb-ifb-desc\">Wir entwickeln und testen verfahrenstechnische L\u00f6sungen nach Ma\u00df. Unsere Ingenieure analysieren Ihre Anwendung und finden gezielte L\u00f6sungen  im Umgang mit problematischen Pulvern und Sch\u00fcttg\u00fctern.<br>Im Hauseigenen Technikum, sowie bei unseren Kunden vor Ort k\u00f6nnen wir spezifische Versuche und Anwendungsf\u00e4lle untersuchen und somit beste Unterst\u00fctzung in der L\u00f6sungsfindung bieten.<\/p><\/div><\/div>\n<\/div>\n<\/div>\n\n\n\n<div class=\"wp-block-uagb-container uagb-layout-grid uagb-block-13bfb87f\">\n<div class=\"wp-block-group is-nowrap is-layout-flex wp-container-core-group-is-layout-6c531013 wp-block-group-is-layout-flex\">\n<div class=\"wp-block-uagb-container uagb-block-698e6038\">\n<div class=\"wp-block-uagb-info-box uagb-block-54640af0 uagb-infobox__content-wrap  uagb-infobox-icon-above-title uagb-infobox-image-valign-top\"><div class=\"uagb-ifb-content\"><div class=\"uagb-ifb-title-wrap\"><span class=\"uagb-ifb-title-prefix\">03.<\/span><h2 class=\"uagb-ifb-title\">Ersatzteile <br>Umbau<br>Retrofit<\/h2><\/div><p class=\"uagb-ifb-desc\">Wir liefern Original-Ersatzteile f\u00fcr unsere Ultraschallaustragshilfen und bieten entsprechend auch Reparaturen an.<br><br>Weiterhin k\u00f6nnen wir aufgrund langj\u00e4hriger Erfahrung im Bereich der Verfahrenstechnischen Apparate wie z.B. Filtertrockner, Nutschefilter und Schaufeltrockner Ersatzteile, Engineering und Retrofitl\u00f6sungen anbieten.<br>Wir liefern auch Teile in Sonderlegierungen wie z.B.:<br>Alloy 59 (2.4605, Vd T\u00fcv 505), Hastelloy HC22 (2.4602)<br> <br>Vertrauen Sie auf die Qualit\u00e4t und Langlebigkeit unserer Komponenten f\u00fcr einen reibungslosen Betrieb.<br><br><br><\/p><\/div><\/div>\n<\/div>\n<\/div>\n\n\n\n<figure class=\"wp-block-image size-custom is-resized\"><img decoding=\"async\" src=\"https:\/\/kcn-tech.de\/wp-content\/uploads\/2025\/06\/HF20m-927x1024.png\" alt=\"\" style=\"width:500px\"\/><\/figure>\n\n\n\n<figure class=\"wp-block-gallery has-nested-images columns-2 is-cropped wp-block-gallery-1 is-layout-flex wp-block-gallery-is-layout-flex\">\n<figure class=\"wp-block-image size-medium\"><img loading=\"lazy\" decoding=\"async\" width=\"225\" height=\"300\" data-id=\"431\" src=\"https:\/\/kcn-tech.de\/wp-content\/uploads\/2025\/09\/before-225x300.jpg\" alt=\"\" class=\"wp-image-431\" srcset=\"https:\/\/kcn-tech.de\/wp-content\/uploads\/2025\/09\/before-225x300.jpg 225w, https:\/\/kcn-tech.de\/wp-content\/uploads\/2025\/09\/before-768x1024.jpg 768w, https:\/\/kcn-tech.de\/wp-content\/uploads\/2025\/09\/before-1152x1536.jpg 1152w, https:\/\/kcn-tech.de\/wp-content\/uploads\/2025\/09\/before.jpg 1512w\" sizes=\"auto, (max-width: 225px) 100vw, 225px\" \/><\/figure>\n\n\n\n<figure class=\"wp-block-image size-medium\"><img loading=\"lazy\" decoding=\"async\" width=\"216\" height=\"300\" data-id=\"432\" src=\"https:\/\/kcn-tech.de\/wp-content\/uploads\/2025\/09\/after-216x300.png\" alt=\"\" class=\"wp-image-432\" srcset=\"https:\/\/kcn-tech.de\/wp-content\/uploads\/2025\/09\/after-216x300.png 216w, https:\/\/kcn-tech.de\/wp-content\/uploads\/2025\/09\/after-737x1024.png 737w, https:\/\/kcn-tech.de\/wp-content\/uploads\/2025\/09\/after-768x1068.png 768w, https:\/\/kcn-tech.de\/wp-content\/uploads\/2025\/09\/after-1105x1536.png 1105w, https:\/\/kcn-tech.de\/wp-content\/uploads\/2025\/09\/after.png 1450w\" sizes=\"auto, (max-width: 216px) 100vw, 216px\" \/><\/figure>\n<\/figure>\n\n\n\n<figure class=\"wp-block-image size-large is-resized\"><img loading=\"lazy\" decoding=\"async\" width=\"831\" height=\"697\" src=\"https:\/\/kcn-tech.de\/wp-content\/uploads\/2025\/09\/SDH.jpg\" alt=\"\" class=\"wp-image-433\" style=\"width:472px;height:auto\" srcset=\"https:\/\/kcn-tech.de\/wp-content\/uploads\/2025\/09\/SDH.jpg 831w, https:\/\/kcn-tech.de\/wp-content\/uploads\/2025\/09\/SDH-300x252.jpg 300w, https:\/\/kcn-tech.de\/wp-content\/uploads\/2025\/09\/SDH-768x644.jpg 768w\" sizes=\"auto, (max-width: 831px) 100vw, 831px\" \/><\/figure>\n\n\n\n<figure class=\"wp-block-image size-large is-resized\"><img loading=\"lazy\" decoding=\"async\" width=\"924\" height=\"1024\" src=\"https:\/\/kcn-tech.de\/wp-content\/uploads\/2025\/06\/IMG_2894-924x1024.png\" alt=\"\" class=\"wp-image-331\" style=\"width:408px;height:auto\" srcset=\"https:\/\/kcn-tech.de\/wp-content\/uploads\/2025\/06\/IMG_2894-924x1024.png 924w, https:\/\/kcn-tech.de\/wp-content\/uploads\/2025\/06\/IMG_2894-271x300.png 271w, https:\/\/kcn-tech.de\/wp-content\/uploads\/2025\/06\/IMG_2894-768x851.png 768w, https:\/\/kcn-tech.de\/wp-content\/uploads\/2025\/06\/IMG_2894-1387x1536.png 1387w, https:\/\/kcn-tech.de\/wp-content\/uploads\/2025\/06\/IMG_2894-1849x2048.png 1849w\" sizes=\"auto, (max-width: 924px) 100vw, 924px\" \/><\/figure>\n\n\n\n<figure class=\"wp-block-image size-large is-resized\"><img loading=\"lazy\" decoding=\"async\" width=\"1024\" height=\"943\" src=\"https:\/\/kcn-tech.de\/wp-content\/uploads\/2025\/11\/IMG_7481-1024x943.png\" alt=\"\" class=\"wp-image-476\" style=\"width:457px;height:auto\" srcset=\"https:\/\/kcn-tech.de\/wp-content\/uploads\/2025\/11\/IMG_7481-1024x943.png 1024w, https:\/\/kcn-tech.de\/wp-content\/uploads\/2025\/11\/IMG_7481-300x276.png 300w, https:\/\/kcn-tech.de\/wp-content\/uploads\/2025\/11\/IMG_7481-768x707.png 768w, https:\/\/kcn-tech.de\/wp-content\/uploads\/2025\/11\/IMG_7481-1536x1415.png 1536w, https:\/\/kcn-tech.de\/wp-content\/uploads\/2025\/11\/IMG_7481-2048x1886.png 2048w\" sizes=\"auto, (max-width: 1024px) 100vw, 1024px\" \/><\/figure>\n<\/div>\n\n\n\n<div class=\"wp-block-uagb-container uagb-layout-grid uagb-block-98083caf\">\n<figure class=\"wp-block-image size-custom is-resized\"><img decoding=\"async\" src=\"https:\/\/kcn-tech.de\/wp-content\/uploads\/2025\/06\/atex.png\" alt=\"\" style=\"width:578px;height:auto\"\/><\/figure>\n\n\n\n<div class=\"wp-block-uagb-container uagb-block-9627d3ce\">\n<div class=\"wp-block-uagb-info-box uagb-block-d2e51d04 uagb-infobox__content-wrap  uagb-infobox-icon-above-title uagb-infobox-image-valign-top\"><div class=\"uagb-ifb-content\"><div class=\"uagb-ifb-title-wrap\"><span class=\"uagb-ifb-title-prefix\">04.<\/span><h2 class=\"uagb-ifb-title\">Technische Beratung<\/h2><\/div><p class=\"uagb-ifb-desc\">Profitieren Sie von unserer langj\u00e4hrigen Erfahrung und unserem umfassenden Know-how beim Einsatz von Ultraschall im Ex-Bereich. Wir beraten Sie umfassend bei der Auswahl, Installation und Optimierung Ihrer Anlagen und Prozesse.<br>Weiterhin verf\u00fcgen wir \u00fcber verschiedene mobile Testeinrichtungen f\u00fcr Pharma, Ex und Reinraumanwendungen. <br><br><br><\/p><\/div><\/div>\n<\/div>\n\n\n\n<figure class=\"wp-block-image size-large is-resized\"><img loading=\"lazy\" decoding=\"async\" width=\"614\" height=\"1024\" src=\"https:\/\/kcn-tech.de\/wp-content\/uploads\/2025\/06\/Screenshot-2025-05-15-150132-614x1024.png\" alt=\"\" class=\"wp-image-334\" style=\"width:475px;height:auto\" srcset=\"https:\/\/kcn-tech.de\/wp-content\/uploads\/2025\/06\/Screenshot-2025-05-15-150132-614x1024.png 614w, https:\/\/kcn-tech.de\/wp-content\/uploads\/2025\/06\/Screenshot-2025-05-15-150132-180x300.png 180w, https:\/\/kcn-tech.de\/wp-content\/uploads\/2025\/06\/Screenshot-2025-05-15-150132-768x1280.png 768w, https:\/\/kcn-tech.de\/wp-content\/uploads\/2025\/06\/Screenshot-2025-05-15-150132.png 811w\" sizes=\"auto, (max-width: 614px) 100vw, 614px\" \/><\/figure>\n\n\n\n<figure class=\"wp-block-image size-large is-resized\"><img loading=\"lazy\" decoding=\"async\" width=\"630\" height=\"1024\" src=\"https:\/\/kcn-tech.de\/wp-content\/uploads\/2025\/11\/IMG_7586-630x1024.png\" alt=\"\" class=\"wp-image-475\" style=\"width:480px;height:auto\" srcset=\"https:\/\/kcn-tech.de\/wp-content\/uploads\/2025\/11\/IMG_7586-630x1024.png 630w, https:\/\/kcn-tech.de\/wp-content\/uploads\/2025\/11\/IMG_7586-184x300.png 184w, https:\/\/kcn-tech.de\/wp-content\/uploads\/2025\/11\/IMG_7586-768x1249.png 768w, https:\/\/kcn-tech.de\/wp-content\/uploads\/2025\/11\/IMG_7586-945x1536.png 945w, https:\/\/kcn-tech.de\/wp-content\/uploads\/2025\/11\/IMG_7586-1259x2048.png 1259w, https:\/\/kcn-tech.de\/wp-content\/uploads\/2025\/11\/IMG_7586-scaled.png 1574w\" sizes=\"auto, (max-width: 630px) 100vw, 630px\" \/><\/figure>\n<\/div>\n<\/div><\/div>\n\n\n\n<div class=\"wp-block-uagb-container uagb-block-353480fd alignfull uagb-is-root-container\"><div class=\"uagb-container-inner-blocks-wrap\">\n<div class=\"wp-block-uagb-info-box uagb-block-289af9f9 uagb-infobox__content-wrap  uagb-infobox-icon-above-title uagb-infobox-image-valign-top\"><div class=\"uagb-ifb-content\"><div class=\"uagb-ifb-title-wrap\"><h2 class=\"uagb-ifb-title\">Kontaktieren Sie uns noch heute!<\/h2><\/div><p class=\"uagb-ifb-desc\">Wir beraten Sie gerne und finden die optimale L\u00f6sung f\u00fcr Ihre individuellen Anforderungen.  Vereinbaren Sie jetzt ein unverbindliches Beratungsgespr\u00e4ch!<\/p><div class=\"uagb-ifb-button-wrapper wp-block-button\"><a href=\"\/contact\/\" class=\"uagb-infobox-cta-link wp-block-button__link\" target=\"_self\" rel=\"noopener noreferrer\" onclick=\"return true;\"><span class=\"uagb-inline-editing\">Mehr erfahren<\/span><\/a><\/div><\/div><\/div>\n<\/div><\/div>\n","protected":false},"excerpt":{"rendered":"<p>Innovative L\u00f6sungen Massgeschneiderte Prozessl\u00f6sungen f\u00fcr Ihre Anwendung<\/p>\n","protected":false},"author":4,"featured_media":0,"parent":0,"menu_order":0,"comment_status":"closed","ping_status":"closed","template":"","meta":{"_uag_custom_page_level_css":"","site-sidebar-layout":"default","site-content-layout":"","ast-site-content-layout":"default","site-content-style":"default","site-sidebar-style":"default","ast-global-header-display":"","ast-banner-title-visibility":"","ast-main-header-display":"","ast-hfb-above-header-display":"","ast-hfb-below-header-display":"","ast-hfb-mobile-header-display":"","site-post-title":"disabled","ast-breadcrumbs-content":"","ast-featured-img":"","footer-sml-layout":"","ast-disable-related-posts":"","theme-transparent-header-meta":"","adv-header-id-meta":"","stick-header-meta":"","header-above-stick-meta":"","header-main-stick-meta":"","header-below-stick-meta":"","astra-migrate-meta-layouts":"default","ast-page-background-enabled":"default","ast-page-background-meta":{"desktop":{"background-color":"var(--ast-global-color-4)","background-image":"","background-repeat":"repeat","background-position":"center center","background-size":"auto","background-attachment":"scroll","background-type":"","background-media":"","overlay-type":"","overlay-color":"","overlay-opacity":"","overlay-gradient":""},"tablet":{"background-color":"","background-image":"","background-repeat":"repeat","background-position":"center center","background-size":"auto","background-attachment":"scroll","background-type":"","background-media":"","overlay-type":"","overlay-color":"","overlay-opacity":"","overlay-gradient":""},"mobile":{"background-color":"","background-image":"","background-repeat":"repeat","background-position":"center center","background-size":"auto","background-attachment":"scroll","background-type":"","background-media":"","overlay-type":"","overlay-color":"","overlay-opacity":"","overlay-gradient":""}},"ast-content-background-meta":{"desktop":{"background-color":"var(--ast-global-color-5)","background-image":"","background-repeat":"repeat","background-position":"center center","background-size":"auto","background-attachment":"scroll","background-type":"","background-media":"","overlay-type":"","overlay-color":"","overlay-opacity":"","overlay-gradient":""},"tablet":{"background-color":"var(--ast-global-color-5)","background-image":"","background-repeat":"repeat","background-position":"center center","background-size":"auto","background-attachment":"scroll","background-type":"","background-media":"","overlay-type":"","overlay-color":"","overlay-opacity":"","overlay-gradient":""},"mobile":{"background-color":"var(--ast-global-color-5)","background-image":"","background-repeat":"repeat","background-position":"center center","background-size":"auto","background-attachment":"scroll","background-type":"","background-media":"","overlay-type":"","overlay-color":"","overlay-opacity":"","overlay-gradient":""}},"footnotes":""},"class_list":["post-17","page","type-page","status-publish","hentry"],"uagb_featured_image_src":{"full":false,"thumbnail":false,"medium":false,"medium_large":false,"large":false,"1536x1536":false,"2048x2048":false},"uagb_author_info":{"display_name":"wc0utvg2ygpc","author_link":"https:\/\/kcn-tech.de\/home\/author\/wc0utvg2ygpc\/"},"uagb_comment_info":0,"uagb_excerpt":"Innovative L\u00f6sungen Massgeschneiderte Prozessl\u00f6sungen f\u00fcr Ihre Anwendung","_links":{"self":[{"href":"https:\/\/kcn-tech.de\/home\/wp-json\/wp\/v2\/pages\/17","targetHints":{"allow":["GET"]}}],"collection":[{"href":"https:\/\/kcn-tech.de\/home\/wp-json\/wp\/v2\/pages"}],"about":[{"href":"https:\/\/kcn-tech.de\/home\/wp-json\/wp\/v2\/types\/page"}],"author":[{"embeddable":true,"href":"https:\/\/kcn-tech.de\/home\/wp-json\/wp\/v2\/users\/4"}],"replies":[{"embeddable":true,"href":"https:\/\/kcn-tech.de\/home\/wp-json\/wp\/v2\/comments?post=17"}],"version-history":[{"count":11,"href":"https:\/\/kcn-tech.de\/home\/wp-json\/wp\/v2\/pages\/17\/revisions"}],"predecessor-version":[{"id":545,"href":"https:\/\/kcn-tech.de\/home\/wp-json\/wp\/v2\/pages\/17\/revisions\/545"}],"wp:attachment":[{"href":"https:\/\/kcn-tech.de\/home\/wp-json\/wp\/v2\/media?parent=17"}],"curies":[{"name":"wp","href":"https:\/\/api.w.org\/{rel}","templated":true}]}}